{"id":1483,"date":"2018-10-02T10:41:12","date_gmt":"2018-10-02T08:41:12","guid":{"rendered":"https:\/\/blog.imageaccess.de\/?page_id=1483"},"modified":"2018-10-02T10:41:12","modified_gmt":"2018-10-02T08:41:12","slug":"bookeye-4-v2-semiautomatic-motorisch-betriebene-glasplatte-zur-exakten-positionierung","status":"publish","type":"page","link":"https:\/\/blog.imageaccess.de\/?page_id=1483","title":{"rendered":"Bookeye\u00ae 4 V2 Semiautomatic: Motorisch betriebene Glasplatte zur exakten Positionierung"},"content":{"rendered":"<p><img loading=\"lazy\" decoding=\"async\" src=\"https:\/\/blog.imageaccess.de\/wp-content\/uploads\/2018\/09\/NEWSLETTER_BE4_Semiautomatic.png\" alt=\"\" class=\"alignnone wp-image-1587\" width=\"700\" height=\"419\" \/><\/p>\n<p>Die <a href=\"https:\/\/www.imageaccess.de\/?page=ScannersBE4-SGS-V2&amp;lang=de\">Bookeye\u00ae 4 V2 Reihe<\/a> wurde im Sommer erweitert und bietet mit dem neuen <a href=\"https:\/\/www.imageaccess.de\/?page=ScannersBE4-SGS-V2Semiautomatic&amp;lang=de\">Semiautomatic<\/a> neben den bekannten Merkmalen der Image Access Buchscanner eine motorisch betriebene Glasplatte. Horizontal verschiebbar, k\u00f6nnen Sie so Ihre Archivalien exakt positionieren. Bei Bedarf kann die V-f\u00f6rmige Glasplatte werkzeuglos und mit einfachen Handgriffen entfernt werden.<\/p>\n<p>Vorlagen bis DIN A2+, wie zum Beispiel B\u00fccher, Zeitschriften, Poster, Ordner oder gebundene Dokumente aller Art digitalisiert der Aufsichtsscanner mit einer Schnelligkeit von bis zu 0,9 Sekunden und einer Aufl\u00f6sung von 150 dpi. Die maximale Aufl\u00f6sung betr\u00e4gt 600 dpi, selbst hier ben\u00f6tigt die Scangeschwindigkeit nur 3 Sekunden.<\/p>\n<p>Die einzigartige Buchwippenl\u00f6sung erlaubt das Scannen sowohl im 120 Grad V-Mode als auch flach aufliegend. Diese ausbalancierte Konstruktion erm\u00f6glicht ein erm\u00fcdungsfreies Arbeiten ohne Kraftaufwand.<\/p>\n<p>Sie m\u00f6chten mehr Informationen oder ein konkretes Angebot? Nehmen Sie <a href=\"https:\/\/www.imageaccess.de\/?page=Contact&amp;lang=de\">hier<\/a> Kontakt zu uns auf. Unser <a href=\"https:\/\/www.imageaccess.de\/?page=ImageAccessTeam&amp;lang=de\">Team<\/a> freut sich auf den Austausch mit Ihnen!<\/p>\n\n\t\t<style type=\"text\/css\">\n\t\t\t#gallery-1 {\n\t\t\t\tmargin: auto;\n\t\t\t}\n\t\t\t#gallery-1 .gallery-item {\n\t\t\t\tfloat: left;\n\t\t\t\tmargin-top: 10px;\n\t\t\t\ttext-align: center;\n\t\t\t\twidth: 33%;\n\t\t\t}\n\t\t\t#gallery-1 img {\n\t\t\t\tborder: 2px solid #cfcfcf;\n\t\t\t}\n\t\t\t#gallery-1 .gallery-caption {\n\t\t\t\tmargin-left: 0;\n\t\t\t}\n\t\t\t\/* see gallery_shortcode() in wp-includes\/media.php *\/\n\t\t<\/style>\n\t\t<div id='gallery-1' class='gallery galleryid-1483 gallery-columns-3 gallery-size-thumbnail'><dl class='gallery-item'>\n\t\t\t<dt class='gallery-icon landscape'>\n\t\t\t\t<a href='https:\/\/blog.imageaccess.de\/?attachment_id=1487'><img loading=\"lazy\" decoding=\"async\" width=\"300\" height=\"269\" src=\"https:\/\/blog.imageaccess.de\/wp-content\/uploads\/2018\/09\/BE4V2_SEMIAUTOMATIC_FRONTAL_BOOK_SCAN.png\" class=\"attachment-thumbnail size-thumbnail\" alt=\"\" \/><\/a>\n\t\t\t<\/dt><\/dl><dl class='gallery-item'>\n\t\t\t<dt class='gallery-icon portrait'>\n\t\t\t\t<a href='https:\/\/blog.imageaccess.de\/?attachment_id=1484'><img loading=\"lazy\" decoding=\"async\" width=\"214\" height=\"300\" src=\"https:\/\/blog.imageaccess.de\/wp-content\/uploads\/2018\/09\/BE4V2_Semiautomatic_BROCHURE_COVER.png\" class=\"attachment-thumbnail size-thumbnail\" alt=\"\" \/><\/a>\n\t\t\t<\/dt><\/dl><dl class='gallery-item'>\n\t\t\t<dt class='gallery-icon landscape'>\n\t\t\t\t<a href='https:\/\/blog.imageaccess.de\/?attachment_id=1488'><img loading=\"lazy\" decoding=\"async\" width=\"300\" height=\"290\" src=\"https:\/\/blog.imageaccess.de\/wp-content\/uploads\/2018\/09\/BE4V2_SEMIAUTOMATIC_DIAGONAL_BOOK_GLASSPLATE_UP.png\" class=\"attachment-thumbnail size-thumbnail\" alt=\"\" \/><\/a>\n\t\t\t<\/dt><\/dl><br style=\"clear: both\" \/>\n\t\t<\/div>\n\n<p>&nbsp;<\/p>\n","protected":false},"excerpt":{"rendered":"<p>Die Bookeye\u00ae 4 V2 Reihe wurde im Sommer erweitert und bietet mit dem neuen Semiautomatic neben den bekannten Merkmalen der Image Access Buchscanner eine motorisch betriebene Glasplatte. Horizontal verschiebbar, k\u00f6nnen Sie so Ihre Archivalien exakt positionieren. Bei Bedarf kann die V-f\u00f6rmige Glasplatte werkzeuglos und mit einfachen Handgriffen entfernt werden. Vorlagen [&hellip;]<\/p>\n","protected":false},"author":4,"featured_media":0,"parent":0,"menu_order":0,"comment_status":"closed","ping_status":"closed","template":"","meta":{"footnotes":""},"class_list":["post-1483","page","type-page","status-publish","hentry"],"_links":{"self":[{"href":"https:\/\/blog.imageaccess.de\/index.php?rest_route=\/wp\/v2\/pages\/1483","targetHints":{"allow":["GET"]}}],"collection":[{"href":"https:\/\/blog.imageaccess.de\/index.php?rest_route=\/wp\/v2\/pages"}],"about":[{"href":"https:\/\/blog.imageaccess.de\/index.php?rest_route=\/wp\/v2\/types\/page"}],"author":[{"embeddable":true,"href":"https:\/\/blog.imageaccess.de\/index.php?rest_route=\/wp\/v2\/users\/4"}],"replies":[{"embeddable":true,"href":"https:\/\/blog.imageaccess.de\/index.php?rest_route=%2Fwp%2Fv2%2Fcomments&post=1483"}],"version-history":[{"count":8,"href":"https:\/\/blog.imageaccess.de\/index.php?rest_route=\/wp\/v2\/pages\/1483\/revisions"}],"predecessor-version":[{"id":1588,"href":"https:\/\/blog.imageaccess.de\/index.php?rest_route=\/wp\/v2\/pages\/1483\/revisions\/1588"}],"wp:attachment":[{"href":"https:\/\/blog.imageaccess.de\/index.php?rest_route=%2Fwp%2Fv2%2Fmedia&parent=1483"}],"curies":[{"name":"wp","href":"https:\/\/api.w.org\/{rel}","templated":true}]}}