{"id":1523,"date":"2018-09-24T15:52:31","date_gmt":"2018-09-24T13:52:31","guid":{"rendered":"https:\/\/blog.imageaccess.de\/?page_id=1523"},"modified":"2018-09-25T16:39:50","modified_gmt":"2018-09-25T14:39:50","slug":"widetek-scanner-von-image-access-auf-der-polnischen-festiwal-druku","status":"publish","type":"page","link":"https:\/\/blog.imageaccess.de\/?page_id=1523","title":{"rendered":"WideTEK\u00ae Scanner von Image Access auf der polnischen Festiwal.Druku"},"content":{"rendered":"<div id=\"attachment_1550\" style=\"width: 4042px\" class=\"wp-caption alignnone\"><img loading=\"lazy\" decoding=\"async\" aria-describedby=\"caption-attachment-1550\" src=\"https:\/\/blog.imageaccess.de\/wp-content\/uploads\/2018\/09\/IMG_1814.jpg\" alt=\"\" class=\"wp-image-1550 size-full\" width=\"4032\" height=\"3024\" \/><p id=\"caption-attachment-1550\" class=\"wp-caption-text\">Der Kunstscanner WideTEK 36ART von Image Access<\/p><\/div>\n<p>&nbsp;<\/p>\n<p>Am 12. und 13. September stellte <a href=\"https:\/\/agraf.com.pl\/\">AGRAF<\/a>,\u00a0Vertriebspartner von <a href=\"https:\/\/www.imageaccess.de\/?page=index&amp;lang=de\">Image Access<\/a>, auf der <a href=\"https:\/\/festiwaldruku.pl\/\">FestiwalDruku.pl<\/a>, einer gro\u00dfen Messe f\u00fcr die Druckindustrie in Polen, aus. Aussteller sind Hersteller und Anbieter von Maschinen f\u00fcr den Medien- und Werbemarkt.<\/p>\n<p>Der Kunstscanner <a href=\"https:\/\/www.imageaccess.de\/?page=ScannersWT36ART-600&amp;lang=de\">WideTEK\u00ae 36ART<\/a> sowie der kleinere Flachbettscanner <a href=\"https:\/\/www.imageaccess.de\/?page=ScannersWT25-650&amp;lang=de\">WideTEK\u00ae 25<\/a> wurden dem Publikum pr\u00e4sentiert, das sich sehr interessiert an den Scannern und dessen perfekter Verbindung zu verschiedenen Gro\u00dfformatdruckern<a href=\"https:\/\/www.canon.de\/for_work\/products\/large_format_printers\/technicalprint\/colour\/oce_colorwave_700\/\" title=\"F\u00fcr anspruchsvollere grafische Anwendungen\" target=\"_blank\" rel=\"noopener\"> <\/a>von <a href=\"https:\/\/www.canon.de\/business\/\">CANON<\/a> zeigte. Image Access und CANON arbeiten bereits seit L\u00e4ngerem zusammen, um Kunden eine vollumf\u00e4ngliche und professionelle MFP-L\u00f6sung anbieten zu k\u00f6nnen.<\/p>\n\n\t\t<style type=\"text\/css\">\n\t\t\t#gallery-1 {\n\t\t\t\tmargin: auto;\n\t\t\t}\n\t\t\t#gallery-1 .gallery-item {\n\t\t\t\tfloat: left;\n\t\t\t\tmargin-top: 10px;\n\t\t\t\ttext-align: center;\n\t\t\t\twidth: 33%;\n\t\t\t}\n\t\t\t#gallery-1 img {\n\t\t\t\tborder: 2px solid #cfcfcf;\n\t\t\t}\n\t\t\t#gallery-1 .gallery-caption {\n\t\t\t\tmargin-left: 0;\n\t\t\t}\n\t\t\t\/* see gallery_shortcode() in wp-includes\/media.php *\/\n\t\t<\/style>\n\t\t<div id='gallery-1' class='gallery galleryid-1523 gallery-columns-3 gallery-size-thumbnail'><dl class='gallery-item'>\n\t\t\t<dt class='gallery-icon landscape'>\n\t\t\t\t<a href='https:\/\/blog.imageaccess.de\/?attachment_id=1535'><img loading=\"lazy\" decoding=\"async\" width=\"300\" height=\"200\" src=\"https:\/\/blog.imageaccess.de\/wp-content\/uploads\/2018\/09\/SAM_0206.jpg\" class=\"attachment-thumbnail size-thumbnail\" alt=\"\" aria-describedby=\"gallery-1-1535\" \/><\/a>\n\t\t\t<\/dt>\n\t\t\t\t<dd class='wp-caption-text gallery-caption' id='gallery-1-1535'>\n\t\t\t\tVisitors were captivated by the WideTEK 36ART\n\t\t\t\t<\/dd><\/dl><dl class='gallery-item'>\n\t\t\t<dt class='gallery-icon landscape'>\n\t\t\t\t<a href='https:\/\/blog.imageaccess.de\/?attachment_id=1550'><img loading=\"lazy\" decoding=\"async\" width=\"300\" height=\"225\" src=\"https:\/\/blog.imageaccess.de\/wp-content\/uploads\/2018\/09\/IMG_1814.jpg\" class=\"attachment-thumbnail size-thumbnail\" alt=\"\" aria-describedby=\"gallery-1-1550\" \/><\/a>\n\t\t\t<\/dt>\n\t\t\t\t<dd class='wp-caption-text gallery-caption' id='gallery-1-1550'>\n\t\t\t\tThe WideTEK 36ART had center stage at the fair\n\t\t\t\t<\/dd><\/dl><dl class='gallery-item'>\n\t\t\t<dt class='gallery-icon landscape'>\n\t\t\t\t<a href='https:\/\/blog.imageaccess.de\/?attachment_id=1533'><img loading=\"lazy\" decoding=\"async\" width=\"300\" height=\"200\" src=\"https:\/\/blog.imageaccess.de\/wp-content\/uploads\/2018\/09\/SAM_0192.jpg\" class=\"attachment-thumbnail size-thumbnail\" alt=\"\" aria-describedby=\"gallery-1-1533\" \/><\/a>\n\t\t\t<\/dt>\n\t\t\t\t<dd class='wp-caption-text gallery-caption' id='gallery-1-1533'>\n\t\t\t\tPrinting large format scans\n\t\t\t\t<\/dd><\/dl><br style=\"clear: both\" \/>\n\t\t<\/div>\n\n<p>&nbsp;<\/p>\n<p>&nbsp;<\/p>\n","protected":false},"excerpt":{"rendered":"<p>&nbsp; Am 12. und 13. September stellte AGRAF,\u00a0Vertriebspartner von Image Access, auf der FestiwalDruku.pl, einer gro\u00dfen Messe f\u00fcr die Druckindustrie in Polen, aus. Aussteller sind Hersteller und Anbieter von Maschinen f\u00fcr den Medien- und Werbemarkt. Der Kunstscanner WideTEK\u00ae 36ART sowie der kleinere Flachbettscanner WideTEK\u00ae 25 wurden dem Publikum pr\u00e4sentiert, das [&hellip;]<\/p>\n","protected":false},"author":4,"featured_media":0,"parent":0,"menu_order":0,"comment_status":"closed","ping_status":"closed","template":"","meta":{"footnotes":""},"class_list":["post-1523","page","type-page","status-publish","hentry"],"_links":{"self":[{"href":"https:\/\/blog.imageaccess.de\/index.php?rest_route=\/wp\/v2\/pages\/1523","targetHints":{"allow":["GET"]}}],"collection":[{"href":"https:\/\/blog.imageaccess.de\/index.php?rest_route=\/wp\/v2\/pages"}],"about":[{"href":"https:\/\/blog.imageaccess.de\/index.php?rest_route=\/wp\/v2\/types\/page"}],"author":[{"embeddable":true,"href":"https:\/\/blog.imageaccess.de\/index.php?rest_route=\/wp\/v2\/users\/4"}],"replies":[{"embeddable":true,"href":"https:\/\/blog.imageaccess.de\/index.php?rest_route=%2Fwp%2Fv2%2Fcomments&post=1523"}],"version-history":[{"count":30,"href":"https:\/\/blog.imageaccess.de\/index.php?rest_route=\/wp\/v2\/pages\/1523\/revisions"}],"predecessor-version":[{"id":1559,"href":"https:\/\/blog.imageaccess.de\/index.php?rest_route=\/wp\/v2\/pages\/1523\/revisions\/1559"}],"wp:attachment":[{"href":"https:\/\/blog.imageaccess.de\/index.php?rest_route=%2Fwp%2Fv2%2Fmedia&parent=1523"}],"curies":[{"name":"wp","href":"https:\/\/api.w.org\/{rel}","templated":true}]}}