{"id":2211,"date":"2019-02-20T16:27:38","date_gmt":"2019-02-20T15:27:38","guid":{"rendered":"https:\/\/blog.imageaccess.de\/?page_id=2211"},"modified":"2019-02-21T09:24:40","modified_gmt":"2019-02-21T08:24:40","slug":"image-access-blickt-auf-ein-vierteljahrhundert-firmengeschichte","status":"publish","type":"page","link":"https:\/\/blog.imageaccess.de\/?page_id=2211","title":{"rendered":"Image Access blickt auf ein Vierteljahrhundert Firmengeschichte"},"content":{"rendered":"<p>\n<!--StartFragment--><\/p>\n\n<p><br \/><!--StartFragment--><\/p>\n\n\n<ul class=\"wp-block-gallery alignright columns-2 is-cropped wp-block-gallery-1 is-layout-flex wp-block-gallery-is-layout-flex\"><li class=\"blocks-gallery-item\"><figure><img loading=\"lazy\" decoding=\"async\" width=\"100\" height=\"132\" src=\"https:\/\/blog.imageaccess.de\/wp-content\/uploads\/2019\/02\/CEO_Ingendoh-3.jpg\" alt=\"\" data-id=\"2181\" data-link=\"https:\/\/blog.imageaccess.de\/?attachment_id=2181\" class=\"wp-image-2181\"\/><figcaption>CEO Thomas Ingendoh<\/figcaption><\/figure><\/li><li class=\"blocks-gallery-item\"><figure><img loading=\"lazy\" decoding=\"async\" width=\"100\" height=\"133\" src=\"https:\/\/blog.imageaccess.de\/wp-content\/uploads\/2019\/02\/COO_Klepsch-2.jpg\" alt=\"\" data-id=\"2182\" data-link=\"https:\/\/blog.imageaccess.de\/?attachment_id=2182\" class=\"wp-image-2182\"\/><figcaption>COO R\u00fcdiger Klepsch<\/figcaption><\/figure><\/li><\/ul>\n\n\n\n<p>Mit der Vision, die beste Kameraoptik zu produzieren, startete Thomas  Ingendoh, CEO und Gr\u00fcnder von Image Access, im Februar 1994. In den 25  Jahren seit der Gr\u00fcndung hat sich das Unternehmen zum Technologief\u00fchrer  im Bereich des Gro\u00dfformatscannings entwickelt. \u201eWir haben uns immer auf  die Kerntechnologie der Scanner konzentriert und sind von einem  Kamerahersteller zu einem Hersteller gro\u00dfformatiger Scanner gewachsen&#8221;,  so Ingendoh. Nicht nur Einzugscanner mit bis zu 60 Zoll (1524mm) Breite,  sondern auch Buchscanner und Flachbettscanner in verschiedenen Gr\u00f6\u00dfen  und eine Vielzahl von OEM-Ger\u00e4ten geh\u00f6ren zum Portfolio des  Mittelst\u00e4ndlers. <\/p>\n\n\n\n<p><\/p>\n\n\n\n<p style=\"text-align:center\"><strong>Wuppertal \u2013 die Anf\u00e4nge<\/strong><\/p>\n\n\n\n<div class=\"wp-block-image\"><figure class=\"aligncenter is-resized\"><img loading=\"lazy\" decoding=\"async\" src=\"https:\/\/blog.imageaccess.de\/wp-content\/uploads\/2019\/02\/Vorschaubild_ErstesIAB\u00fcro.png\" alt=\"\" class=\"wp-image-2169\" width=\"520\" height=\"360\"\/><figcaption>The first office at Image Access in 1994<\/figcaption><\/figure><\/div>\n\n\n\n<p>Die gesamte Entwicklung und Fertigung befindet sich in\nWuppertal, an der gleichen Adresse, wo vor einem Vierteljahrhundert alles\nbegann. Auf einer Fl\u00e4che von mehr als 5000m\u00b2, die sich auf mehrere Geb\u00e4ude\nverteilt, tragen rund 65 Mitarbeiter zum Erfolg bei. Im Jahr 2010 erweiterte R\u00fcdiger Klepsch die Gesch\u00e4ftsf\u00fchrung\nund zeichnet als COO verantwortlich f\u00fcr Marketing und Vertrieb. Kurz darauf\nwurde das Schwesterunternehmen Image Access LP in Chicago gegr\u00fcndet, das die\nUSA, Kanada und Lateinamerika bedient. Mit gro\u00dfer Expertise k\u00fcmmert sich heute\nein internationales Distributor- und Reseller-Netzwerk sowie das 15k\u00f6pfige\ninterne Team um den Vertrieb rund um den Globus. <\/p>\n\n\n\n<ul class=\"wp-block-gallery columns-2 is-cropped wp-block-gallery-2 is-layout-flex wp-block-gallery-is-layout-flex\"><li class=\"blocks-gallery-item\"><figure><img loading=\"lazy\" decoding=\"async\" width=\"800\" height=\"384\" src=\"https:\/\/blog.imageaccess.de\/wp-content\/uploads\/2019\/02\/IA-Headquarters.png\" alt=\"\" data-id=\"2200\" data-link=\"https:\/\/blog.imageaccess.de\/?attachment_id=2200\" class=\"wp-image-2200\" srcset=\"https:\/\/blog.imageaccess.de\/wp-content\/uploads\/2019\/02\/IA-Headquarters.png 800w, https:\/\/blog.imageaccess.de\/wp-content\/uploads\/2019\/02\/IA-Headquarters-600x288.png 600w, https:\/\/blog.imageaccess.de\/wp-content\/uploads\/2019\/02\/IA-Headquarters-768x369.png 768w\" sizes=\"auto, (max-width: 800px) 100vw, 800px\" \/><figcaption>Image Access Headquarters in Wuppertal<\/figcaption><\/figure><\/li><li class=\"blocks-gallery-item\"><figure><img loading=\"lazy\" decoding=\"async\" width=\"873\" height=\"423\" src=\"https:\/\/blog.imageaccess.de\/wp-content\/uploads\/2019\/02\/IA_LP_USA.png\" alt=\"\" data-id=\"2201\" data-link=\"https:\/\/blog.imageaccess.de\/?attachment_id=2201\" class=\"wp-image-2201\" srcset=\"https:\/\/blog.imageaccess.de\/wp-content\/uploads\/2019\/02\/IA_LP_USA.png 873w, https:\/\/blog.imageaccess.de\/wp-content\/uploads\/2019\/02\/IA_LP_USA-600x291.png 600w, https:\/\/blog.imageaccess.de\/wp-content\/uploads\/2019\/02\/IA_LP_USA-768x372.png 768w\" sizes=\"auto, (max-width: 873px) 100vw, 873px\" \/><figcaption>Image Access LP in Chicago<\/figcaption><\/figure><\/li><\/ul>\n\n\n\n<p><\/p>\n\n\n\n<p style=\"text-align:center\"><strong>Innovativ in die Zukunft <\/strong><\/p>\n\n\n\n<p>Mit der Einf\u00fchrung des Kunstscanners WideTEK 36ART hat Image Access 2017 ein neues Marktsegment betreten, das in der Museums-, Galerie- und Kunstszene f\u00fcr viel Spannung und Begeisterung sorgt. Damit wurde 2018 das Jahr mit dem h\u00f6chsten Umsatz aller Zeiten. 2019 wird wieder ein zweistelliges Wachstum erwartet. Image Access ist ein von Investoren oder Aktion\u00e4ren unabh\u00e4ngiges Privatunternehmen, das es dem Management erm\u00f6glicht, langfristig zu planen und ein solides, gesundes Wachstum zu gew\u00e4hrleisten. <\/p>\n\n\n\n<div class=\"wp-block-image\"><figure class=\"aligncenter is-resized\"><img loading=\"lazy\" decoding=\"async\" src=\"https:\/\/blog.imageaccess.de\/wp-content\/uploads\/2019\/02\/Vorschaubild_CEBIT2017.png\" alt=\"\" class=\"wp-image-2170\" width=\"391\" height=\"293\"\/><figcaption>WideTEK 36ART was introduced  to a new market at CeBIT in 2017<\/figcaption><\/figure><\/div>\n\n\n<p><!--EndFragment--><\/p>\n<p><\/p>","protected":false},"excerpt":{"rendered":"<p>Mit der Vision, die beste Kameraoptik zu produzieren, startete Thomas Ingendoh, CEO und Gr\u00fcnder von Image Access, im Februar 1994. In den 25 Jahren seit der Gr\u00fcndung hat sich das Unternehmen zum Technologief\u00fchrer im Bereich des Gro\u00dfformatscannings entwickelt. \u201eWir haben uns immer auf die Kerntechnologie der Scanner konzentriert und sind [&hellip;]<\/p>\n","protected":false},"author":4,"featured_media":2200,"parent":0,"menu_order":0,"comment_status":"closed","ping_status":"closed","template":"","meta":{"footnotes":""},"class_list":["post-2211","page","type-page","status-publish","has-post-thumbnail","hentry"],"_links":{"self":[{"href":"https:\/\/blog.imageaccess.de\/index.php?rest_route=\/wp\/v2\/pages\/2211","targetHints":{"allow":["GET"]}}],"collection":[{"href":"https:\/\/blog.imageaccess.de\/index.php?rest_route=\/wp\/v2\/pages"}],"about":[{"href":"https:\/\/blog.imageaccess.de\/index.php?rest_route=\/wp\/v2\/types\/page"}],"author":[{"embeddable":true,"href":"https:\/\/blog.imageaccess.de\/index.php?rest_route=\/wp\/v2\/users\/4"}],"replies":[{"embeddable":true,"href":"https:\/\/blog.imageaccess.de\/index.php?rest_route=%2Fwp%2Fv2%2Fcomments&post=2211"}],"version-history":[{"count":5,"href":"https:\/\/blog.imageaccess.de\/index.php?rest_route=\/wp\/v2\/pages\/2211\/revisions"}],"predecessor-version":[{"id":2219,"href":"https:\/\/blog.imageaccess.de\/index.php?rest_route=\/wp\/v2\/pages\/2211\/revisions\/2219"}],"wp:featuredmedia":[{"embeddable":true,"href":"https:\/\/blog.imageaccess.de\/index.php?rest_route=\/wp\/v2\/media\/2200"}],"wp:attachment":[{"href":"https:\/\/blog.imageaccess.de\/index.php?rest_route=%2Fwp%2Fv2%2Fmedia&parent=2211"}],"curies":[{"name":"wp","href":"https:\/\/api.w.org\/{rel}","templated":true}]}}