{"id":2943,"date":"2019-11-06T11:37:48","date_gmt":"2019-11-06T10:37:48","guid":{"rendered":"https:\/\/blog.imageaccess.de\/?page_id=2943"},"modified":"2019-11-06T11:46:14","modified_gmt":"2019-11-06T10:46:14","slug":"visitantes-se-reunieron-en-el-stand-de-image-access-durante-printing-united-2019-en-dallas","status":"publish","type":"page","link":"https:\/\/blog.imageaccess.de\/?page_id=2943","title":{"rendered":"<img title=\"Spanish Flag\" src=\"https:\/\/blog.imageaccess.de\/wp-content\/uploads\/2019\/11\/spanien.gif\" \/>&nbsp; Visitantes se reunieron en el stand de Image Access durante Printing United 2019 en Dallas"},"content":{"rendered":"\n<div class=\"wp-block-themeisle-blocks-advanced-columns alignfull has-1-columns has-desktop-equal-layout has-tablet-equal-layout has-mobile-equal-layout has-default-gap has-vertical-unset\" id=\"wp-block-themeisle-blocks-advanced-columns-f08cdd12\" style=\"border-width:0px;border-style:solid;border-color:#000000;border-radius:0px;justify-content:unset\"><div class=\"wp-themeisle-block-overlay\" style=\"opacity:0.5;mix-blend-mode:normal\"><\/div><div class=\"innerblocks-wrap\">\n<div class=\"wp-block-themeisle-blocks-advanced-column\" id=\"wp-block-themeisle-blocks-advanced-column-4d5fc3fb\" style=\"border-width:0px;border-style:solid;border-color:#000000;border-radius:0px\">\n<ul class=\"wp-block-gallery columns-2 is-cropped wp-block-gallery-1 is-layout-flex wp-block-gallery-is-layout-flex\"><li class=\"blocks-gallery-item\"><figure><img loading=\"lazy\" decoding=\"async\" width=\"1024\" height=\"497\" src=\"https:\/\/blog.imageaccess.de\/wp-content\/uploads\/2019\/11\/WhatsApp-Image-2019-10-24-at-22.58.16-1-1024x497.jpeg\" alt=\"\" data-id=\"2949\" data-link=\"https:\/\/blog.imageaccess.de\/?attachment_id=2949\" class=\"wp-image-2949\" srcset=\"https:\/\/blog.imageaccess.de\/wp-content\/uploads\/2019\/11\/WhatsApp-Image-2019-10-24-at-22.58.16-1-1024x497.jpeg 1024w, https:\/\/blog.imageaccess.de\/wp-content\/uploads\/2019\/11\/WhatsApp-Image-2019-10-24-at-22.58.16-1-600x291.jpeg 600w, https:\/\/blog.imageaccess.de\/wp-content\/uploads\/2019\/11\/WhatsApp-Image-2019-10-24-at-22.58.16-1-768x373.jpeg 768w, https:\/\/blog.imageaccess.de\/wp-content\/uploads\/2019\/11\/WhatsApp-Image-2019-10-24-at-22.58.16-1.jpeg 1600w\" sizes=\"auto, (max-width: 1024px) 100vw, 1024px\" \/><figcaption>El CEO de Image Access Thomas Ingendoh (izquierda) y el Gerente de Producto de Am\u00e9rica del Norte Jonathan Wenninger (derecha) con visitantes<\/figcaption><\/figure><\/li><li class=\"blocks-gallery-item\"><figure><img loading=\"lazy\" decoding=\"async\" width=\"1024\" height=\"497\" src=\"https:\/\/blog.imageaccess.de\/wp-content\/uploads\/2019\/11\/WhatsApp-Image-2019-10-24-at-22.58.161-1-1024x497.jpeg\" alt=\"\" data-id=\"2948\" data-link=\"https:\/\/blog.imageaccess.de\/?attachment_id=2948\" class=\"wp-image-2948\" srcset=\"https:\/\/blog.imageaccess.de\/wp-content\/uploads\/2019\/11\/WhatsApp-Image-2019-10-24-at-22.58.161-1-1024x497.jpeg 1024w, https:\/\/blog.imageaccess.de\/wp-content\/uploads\/2019\/11\/WhatsApp-Image-2019-10-24-at-22.58.161-1-600x291.jpeg 600w, https:\/\/blog.imageaccess.de\/wp-content\/uploads\/2019\/11\/WhatsApp-Image-2019-10-24-at-22.58.161-1-768x373.jpeg 768w, https:\/\/blog.imageaccess.de\/wp-content\/uploads\/2019\/11\/WhatsApp-Image-2019-10-24-at-22.58.161-1.jpeg 1600w\" sizes=\"auto, (max-width: 1024px) 100vw, 1024px\" \/><figcaption>El Gerente de Ventas para Norteam\u00e9rica, David Gerbholz (izquierda) demuestra el WideTEK 36ART<\/figcaption><\/figure><\/li><li class=\"blocks-gallery-item\"><figure><img loading=\"lazy\" decoding=\"async\" width=\"1024\" height=\"497\" src=\"https:\/\/blog.imageaccess.de\/wp-content\/uploads\/2019\/11\/WhatsApp-Image-2019-10-24-at-22.58.151-1-1024x497.jpeg\" alt=\"\" data-id=\"2954\" data-link=\"https:\/\/blog.imageaccess.de\/?attachment_id=2954\" class=\"wp-image-2954\" srcset=\"https:\/\/blog.imageaccess.de\/wp-content\/uploads\/2019\/11\/WhatsApp-Image-2019-10-24-at-22.58.151-1-1024x497.jpeg 1024w, https:\/\/blog.imageaccess.de\/wp-content\/uploads\/2019\/11\/WhatsApp-Image-2019-10-24-at-22.58.151-1-600x291.jpeg 600w, https:\/\/blog.imageaccess.de\/wp-content\/uploads\/2019\/11\/WhatsApp-Image-2019-10-24-at-22.58.151-1-768x373.jpeg 768w, https:\/\/blog.imageaccess.de\/wp-content\/uploads\/2019\/11\/WhatsApp-Image-2019-10-24-at-22.58.151-1.jpeg 1600w\" sizes=\"auto, (max-width: 1024px) 100vw, 1024px\" \/><figcaption>Visitantes m\u00e1s interesados con Thomas Ingendoh (segundo desde la izquierda) viendo escaneos en el WideTEK 36ART<\/figcaption><\/figure><\/li><li class=\"blocks-gallery-item\"><figure><img loading=\"lazy\" decoding=\"async\" width=\"1024\" height=\"497\" src=\"https:\/\/blog.imageaccess.de\/wp-content\/uploads\/2019\/11\/WhatsApp-Image-2019-10-24-at-22.58.152-1-1024x497.jpeg\" alt=\"\" data-id=\"2955\" data-link=\"https:\/\/blog.imageaccess.de\/?attachment_id=2955\" class=\"wp-image-2955\" srcset=\"https:\/\/blog.imageaccess.de\/wp-content\/uploads\/2019\/11\/WhatsApp-Image-2019-10-24-at-22.58.152-1-1024x497.jpeg 1024w, https:\/\/blog.imageaccess.de\/wp-content\/uploads\/2019\/11\/WhatsApp-Image-2019-10-24-at-22.58.152-1-600x291.jpeg 600w, https:\/\/blog.imageaccess.de\/wp-content\/uploads\/2019\/11\/WhatsApp-Image-2019-10-24-at-22.58.152-1-768x373.jpeg 768w, https:\/\/blog.imageaccess.de\/wp-content\/uploads\/2019\/11\/WhatsApp-Image-2019-10-24-at-22.58.152-1.jpeg 1600w\" sizes=\"auto, (max-width: 1024px) 100vw, 1024px\" \/><figcaption>Octavio Navarro, especialista en soporte t\u00e9cnico (derecha) describe la funcionalidad de Scan2Net y el escaneo en modo 3D<\/figcaption><\/figure><\/li><li class=\"blocks-gallery-item\"><figure><img loading=\"lazy\" decoding=\"async\" width=\"1024\" height=\"497\" src=\"https:\/\/blog.imageaccess.de\/wp-content\/uploads\/2019\/11\/WhatsApp-Image-2019-10-23-at-18.28.31-1-1024x497.jpeg\" alt=\"\" data-id=\"2953\" data-link=\"https:\/\/blog.imageaccess.de\/?attachment_id=2953\" class=\"wp-image-2953\" srcset=\"https:\/\/blog.imageaccess.de\/wp-content\/uploads\/2019\/11\/WhatsApp-Image-2019-10-23-at-18.28.31-1-1024x497.jpeg 1024w, https:\/\/blog.imageaccess.de\/wp-content\/uploads\/2019\/11\/WhatsApp-Image-2019-10-23-at-18.28.31-1-600x291.jpeg 600w, https:\/\/blog.imageaccess.de\/wp-content\/uploads\/2019\/11\/WhatsApp-Image-2019-10-23-at-18.28.31-1-768x373.jpeg 768w, https:\/\/blog.imageaccess.de\/wp-content\/uploads\/2019\/11\/WhatsApp-Image-2019-10-23-at-18.28.31-1.jpeg 1600w\" sizes=\"auto, (max-width: 1024px) 100vw, 1024px\" \/><figcaption>David Gerbholz (derecha) muestra el WideTEK 60CL, escaneando a 8 pulgadas por segundo a todo color<\/figcaption><\/figure><\/li><li class=\"blocks-gallery-item\"><figure><img loading=\"lazy\" decoding=\"async\" width=\"1024\" height=\"497\" src=\"https:\/\/blog.imageaccess.de\/wp-content\/uploads\/2019\/11\/WhatsApp-Image-2019-10-24-at-22.58.15-1-1024x497.jpeg\" alt=\"\" data-id=\"2947\" data-link=\"https:\/\/blog.imageaccess.de\/?attachment_id=2947\" class=\"wp-image-2947\" srcset=\"https:\/\/blog.imageaccess.de\/wp-content\/uploads\/2019\/11\/WhatsApp-Image-2019-10-24-at-22.58.15-1-1024x497.jpeg 1024w, https:\/\/blog.imageaccess.de\/wp-content\/uploads\/2019\/11\/WhatsApp-Image-2019-10-24-at-22.58.15-1-600x291.jpeg 600w, https:\/\/blog.imageaccess.de\/wp-content\/uploads\/2019\/11\/WhatsApp-Image-2019-10-24-at-22.58.15-1-768x373.jpeg 768w, https:\/\/blog.imageaccess.de\/wp-content\/uploads\/2019\/11\/WhatsApp-Image-2019-10-24-at-22.58.15-1.jpeg 1600w\" sizes=\"auto, (max-width: 1024px) 100vw, 1024px\" \/><figcaption>M\u00e1s de 30,000 personas visitaron Printing United<\/figcaption><\/figure><\/li><\/ul>\n<\/div>\n<\/div><\/div>\n\n\n\n<p>\n\nEn esta ocasi\u00f3n tuve la oportunidad de participar en PRINTING United 2019 que se celebr\u00f3 del 23 al 25 de octubre en el Centro de Convenciones Kay Bailey Hutchison en Dallas, ocupando el lugar de la antigua Expo SGIA. Con m\u00e1s de 30,000 asistentes, Printing United fue una feria comercial extremadamente exitosa, destacando las \u00faltimas soluciones para aplicaciones gr\u00e1ficas \/ de gran formato y de impresi\u00f3n funcional. Image Access particip\u00f3 como expositor, causando mucho inter\u00e9s en todos los visitantes que nos acompa\u00f1aron en el stand, buscando las mejores soluciones para digitalizar formatos especiales, fascinados por los productos&nbsp;<a rel=\"noreferrer noopener\" href=\"https:\/\/www.imageaccess.de\/?page=ScannersWideformat&amp;lang=en\" target=\"_blank\"><strong>WideTEK<\/strong><\/a><sup><a rel=\"noreferrer noopener\" href=\"https:\/\/www.imageaccess.de\/?page=ScannersWideformat&amp;lang=en\" target=\"_blank\"><strong>\u00ae<\/strong><\/a><\/sup>&nbsp;y&nbsp;<a rel=\"noreferrer noopener\" href=\"https:\/\/www.imageaccess.de\/?page=ScannersBookscanner&amp;lang=en\" target=\"_blank\"><strong>Bookeye<\/strong><\/a>, especialmente el&nbsp;<a rel=\"noreferrer noopener\" href=\"https:\/\/www.imageaccess.de\/?page=ScannersWT36ART-600&amp;lang=en\" target=\"_blank\"><strong>WideTEK<\/strong><\/a><sup><a rel=\"noreferrer noopener\" href=\"https:\/\/www.imageaccess.de\/?page=ScannersWT36ART-600&amp;lang=en\" target=\"_blank\"><strong>\u00ae<\/strong><\/a><\/sup><a rel=\"noreferrer noopener\" href=\"https:\/\/www.imageaccess.de\/?page=ScannersWT36ART-600&amp;lang=en\" target=\"_blank\"><strong>&nbsp;36ART.<\/strong><\/a><\/p>\n\n\n\n<ul class=\"wp-block-gallery columns-3 is-cropped wp-block-gallery-2 is-layout-flex wp-block-gallery-is-layout-flex\"><li class=\"blocks-gallery-item\"><figure><img loading=\"lazy\" decoding=\"async\" width=\"480\" height=\"434\" src=\"https:\/\/blog.imageaccess.de\/wp-content\/uploads\/2019\/11\/TIatRSA-1.png\" alt=\"\" data-id=\"2952\" data-link=\"https:\/\/blog.imageaccess.de\/?attachment_id=2952\" class=\"wp-image-2952\"\/><\/figure><\/li><li class=\"blocks-gallery-item\"><figure><img loading=\"lazy\" decoding=\"async\" width=\"768\" height=\"1024\" src=\"https:\/\/blog.imageaccess.de\/wp-content\/uploads\/2019\/11\/WhatsApp-Image-2019-11-02-at-19.59.36-768x1024.jpeg\" alt=\"\" data-id=\"2950\" data-link=\"https:\/\/blog.imageaccess.de\/?attachment_id=2950\" class=\"wp-image-2950\" srcset=\"https:\/\/blog.imageaccess.de\/wp-content\/uploads\/2019\/11\/WhatsApp-Image-2019-11-02-at-19.59.36-768x1024.jpeg 768w, https:\/\/blog.imageaccess.de\/wp-content\/uploads\/2019\/11\/WhatsApp-Image-2019-11-02-at-19.59.36-450x600.jpeg 450w, https:\/\/blog.imageaccess.de\/wp-content\/uploads\/2019\/11\/WhatsApp-Image-2019-11-02-at-19.59.36.jpeg 1200w\" sizes=\"auto, (max-width: 768px) 100vw, 768px\" \/><\/figure><\/li><li class=\"blocks-gallery-item\"><figure><img loading=\"lazy\" decoding=\"async\" width=\"640\" height=\"480\" src=\"https:\/\/blog.imageaccess.de\/wp-content\/uploads\/2019\/11\/IMG_4196-1.jpg\" alt=\"\" data-id=\"2951\" data-link=\"https:\/\/blog.imageaccess.de\/?attachment_id=2951\" class=\"wp-image-2951\" srcset=\"https:\/\/blog.imageaccess.de\/wp-content\/uploads\/2019\/11\/IMG_4196-1.jpg 640w, https:\/\/blog.imageaccess.de\/wp-content\/uploads\/2019\/11\/IMG_4196-1-600x450.jpg 600w\" sizes=\"auto, (max-width: 640px) 100vw, 640px\" \/><\/figure><\/li><\/ul>\n\n\n\n<p>Adem\u00e1s de exponer en el Printing United Show, Image Access tambi\u00e9n particip\u00f3 en varias\nreuniones grupales convocadas en Dallas durante los mismos d\u00edas. La red <strong>RMX<\/strong> de proveedores independientes de servicios de impresi\u00f3n digital (PSP), la Corporaci\u00f3n de Servicios de Reprograf\u00eda (<strong>RSA<\/strong>) y la Asociaci\u00f3n de\nProfesionales de Soluciones de Impresi\u00f3n y Datos (<strong>APDSP<\/strong>), que llevaron a\ncabo reuniones en las que Image Access fue patrocinador y participante. En la\nreuni\u00f3n de RSA, nuestro CEO Thomas Ingendoh y el Gerente de Ventas de Am\u00e9rica del\nNorte, David Gerbholz, hablaron con los miembros sobre las nuevas y \u00fanicas\nfuentes de ingresos en la industria de la reprograf\u00eda, disponibles\nutilizando los productos Image Access WideTEK<sup>&reg;<\/sup> y BookEYE<sup>&reg;<sup>.<\/p>\n","protected":false},"excerpt":{"rendered":"<p>En esta ocasi\u00f3n tuve la oportunidad de participar en PRINTING United 2019 que se celebr\u00f3 del 23 al 25 de octubre en el Centro de Convenciones Kay Bailey Hutchison en Dallas, ocupando el lugar de la antigua Expo SGIA. Con m\u00e1s de 30,000 asistentes, Printing United fue una feria comercial [&hellip;]<\/p>\n","protected":false},"author":2,"featured_media":2936,"parent":0,"menu_order":0,"comment_status":"closed","ping_status":"closed","template":"","meta":{"footnotes":""},"class_list":["post-2943","page","type-page","status-publish","has-post-thumbnail","hentry"],"_links":{"self":[{"href":"https:\/\/blog.imageaccess.de\/index.php?rest_route=\/wp\/v2\/pages\/2943","targetHints":{"allow":["GET"]}}],"collection":[{"href":"https:\/\/blog.imageaccess.de\/index.php?rest_route=\/wp\/v2\/pages"}],"about":[{"href":"https:\/\/blog.imageaccess.de\/index.php?rest_route=\/wp\/v2\/types\/page"}],"author":[{"embeddable":true,"href":"https:\/\/blog.imageaccess.de\/index.php?rest_route=\/wp\/v2\/users\/2"}],"replies":[{"embeddable":true,"href":"https:\/\/blog.imageaccess.de\/index.php?rest_route=%2Fwp%2Fv2%2Fcomments&post=2943"}],"version-history":[{"count":12,"href":"https:\/\/blog.imageaccess.de\/index.php?rest_route=\/wp\/v2\/pages\/2943\/revisions"}],"predecessor-version":[{"id":2971,"href":"https:\/\/blog.imageaccess.de\/index.php?rest_route=\/wp\/v2\/pages\/2943\/revisions\/2971"}],"wp:featuredmedia":[{"embeddable":true,"href":"https:\/\/blog.imageaccess.de\/index.php?rest_route=\/wp\/v2\/media\/2936"}],"wp:attachment":[{"href":"https:\/\/blog.imageaccess.de\/index.php?rest_route=%2Fwp%2Fv2%2Fmedia&parent=2943"}],"curies":[{"name":"wp","href":"https:\/\/api.w.org\/{rel}","templated":true}]}}