{"id":825,"date":"2018-05-09T10:49:10","date_gmt":"2018-05-09T08:49:10","guid":{"rendered":"https:\/\/blog.imageaccess.de\/?page_id=825"},"modified":"2018-05-15T08:48:44","modified_gmt":"2018-05-15T06:48:44","slug":"neuer-vertriebsmitarbeiter-manfred-grandis-rockt-den-sud-westen-deutschlands","status":"publish","type":"page","link":"https:\/\/blog.imageaccess.de\/?page_id=825","title":{"rendered":"Neuer Vertriebsmitarbeiter \u2013 Manfred Grandis rockt den S\u00fcd-Westen Deutschlands"},"content":{"rendered":"<div id=\"attachment_899\" style=\"width: 402px\" class=\"wp-caption aligncenter\"><img loading=\"lazy\" decoding=\"async\" aria-describedby=\"caption-attachment-899\" src=\"https:\/\/blog.imageaccess.de\/wp-content\/uploads\/2018\/05\/P5081108-2.jpg\" alt=\"\" class=\"wp-image-899\" width=\"392\" height=\"294\" \/><p id=\"caption-attachment-899\" class=\"wp-caption-text\">Manfred Grandis &#8211; Neuer Mitarbeiter bei Image Access<\/p><\/div>\n<p>Seit Anfang April verst\u00e4rkt Manfred Grandis das Team von Image Access. Der in Grafenhausen bei Freiburg lebende Vater zweier Kinder ist f\u00fcr das Vertriebsgebiet S\u00fcd-West zust\u00e4ndig und ab Januar 2019 auch f\u00fcr die Schweiz. Damit baut Image Access den Direktvertrieb seiner Scanner weiter aus, der neben der Zusammenarbeit mit Vertriebspartnern aus der ganzen Welt ein wichtiges Gesch\u00e4ftsfeld darstellt. In seiner vorherigen Funktion war Manfred Grandis als Business Development Manager Fujitsu EMEA t\u00e4tig und verf\u00fcgt durch seine gesamte Vita \u00fcber viel Erfahrung im Kundenkontakt. Als ausgebildeter Fachinformatiker bringt der 48j\u00e4hrige zudem ein gro\u00dfes technisches Verst\u00e4ndnis mit, das ihm im Umgang mit der WideTEK\u00ae- und Bookeye\u00ae Produktfamilie zu Gute kommt.<\/p>\n<p>&#8220;Wir wachsen weiter, sowohl personell als auch produktbezogen. Im letzten halben Jahr haben wir neben Manfred Grandis auch unser Marketingteam verst\u00e4rkt und einen weiteren Mitarbeiter f\u00fcr den IT Support eingestellt. in K\u00fcrze wird au\u00dferdem noch ein neues Teammitglied begr\u00fc\u00dft, das f\u00fcr die Region EMEA verantwortlich sein wird. Zudem feilen wir an neuen Ger\u00e4ten unserer WideTEK\u00ae und Bookeye\u00ae Scanner. Stets am Puls der Zeit zu sein ist f\u00fcr uns Ansporn und gelebte Realit\u00e4t gleicherma\u00dfen. Die Digitalisierung ist derzeit eines der gro\u00dfen Themen, da m\u00fcssen wir weiterdenken und innovativ sein&#8221;, res\u00fcmiert Gesch\u00e4ftsf\u00fchrer und Vertriebsleiter R\u00fcdiger Klepsch.<\/p>\n<p>Sie m\u00f6chten Manfred Grandis kontaktieren? Sehr gerne! Rufen Sie ihn an unter Telefon 0202 27058 -95 oder schreiben Sie ihm eine E-Mail: <a href=\"mailto:manfred.grandis@imageaccess.de\">manfred.grandis@imageaccess.de<\/a>.<\/p>\n<p>Wir sagen \u201eHerzlich Willkommen bei Image Access!&#8221;<\/p>\n","protected":false},"excerpt":{"rendered":"<p>Seit Anfang April verst\u00e4rkt Manfred Grandis das Team von Image Access. Der in Grafenhausen bei Freiburg lebende Vater zweier Kinder ist f\u00fcr das Vertriebsgebiet S\u00fcd-West zust\u00e4ndig und ab Januar 2019 auch f\u00fcr die Schweiz. Damit baut Image Access den Direktvertrieb seiner Scanner weiter aus, der neben der Zusammenarbeit mit Vertriebspartnern [&hellip;]<\/p>\n","protected":false},"author":4,"featured_media":0,"parent":0,"menu_order":0,"comment_status":"closed","ping_status":"closed","template":"","meta":{"footnotes":""},"class_list":["post-825","page","type-page","status-publish","hentry"],"_links":{"self":[{"href":"https:\/\/blog.imageaccess.de\/index.php?rest_route=\/wp\/v2\/pages\/825","targetHints":{"allow":["GET"]}}],"collection":[{"href":"https:\/\/blog.imageaccess.de\/index.php?rest_route=\/wp\/v2\/pages"}],"about":[{"href":"https:\/\/blog.imageaccess.de\/index.php?rest_route=\/wp\/v2\/types\/page"}],"author":[{"embeddable":true,"href":"https:\/\/blog.imageaccess.de\/index.php?rest_route=\/wp\/v2\/users\/4"}],"replies":[{"embeddable":true,"href":"https:\/\/blog.imageaccess.de\/index.php?rest_route=%2Fwp%2Fv2%2Fcomments&post=825"}],"version-history":[{"count":41,"href":"https:\/\/blog.imageaccess.de\/index.php?rest_route=\/wp\/v2\/pages\/825\/revisions"}],"predecessor-version":[{"id":977,"href":"https:\/\/blog.imageaccess.de\/index.php?rest_route=\/wp\/v2\/pages\/825\/revisions\/977"}],"wp:attachment":[{"href":"https:\/\/blog.imageaccess.de\/index.php?rest_route=%2Fwp%2Fv2%2Fmedia&parent=825"}],"curies":[{"name":"wp","href":"https:\/\/api.w.org\/{rel}","templated":true}]}}

Neuer Vertriebsmitarbeiter – Manfred Grandis rockt den Süd-Westen Deutschlands

<div id="attachment_899" style="width: 402px" class="wp-caption aligncenter"><img loading="lazy" decoding="async" aria-describedby="caption-attachment-899" src="https://blog.imageaccess.de/wp-content/uploads/2018/05/P5081108-2.jpg" alt="" class="wp-image-899" width="392" height="294" /><p id="caption-attachment-899" class="wp-caption-text">Manfred Grandis &#8211; Neuer Mitarbeiter bei Image Access</p></div>
<p>Seit Anfang April verstärkt Manfred Grandis das Team von Image Access. Der in Grafenhausen bei Freiburg lebende Vater zweier Kinder ist für das Vertriebsgebiet Süd-West zuständig und ab Januar 2019 auch für die Schweiz. Damit baut Image Access den Direktvertrieb seiner Scanner weiter aus, der neben der Zusammenarbeit mit Vertriebspartnern aus der ganzen Welt ein wichtiges Geschäftsfeld darstellt. In seiner vorherigen Funktion war Manfred Grandis als Business Development Manager Fujitsu EMEA tätig und verfügt durch seine gesamte Vita über viel Erfahrung im Kundenkontakt. Als ausgebildeter Fachinformatiker bringt der 48jährige zudem ein großes technisches Verständnis mit, das ihm im Umgang mit der WideTEK®- und Bookeye® Produktfamilie zu Gute kommt.</p>
<p>&#8220;Wir wachsen weiter, sowohl personell als auch produktbezogen. Im letzten halben Jahr haben wir neben Manfred Grandis auch unser Marketingteam verstärkt und einen weiteren Mitarbeiter für den IT Support eingestellt. in Kürze wird außerdem noch ein neues Teammitglied begrüßt, das für die Region EMEA verantwortlich sein wird. Zudem feilen wir an neuen Geräten unserer WideTEK® und Bookeye® Scanner. Stets am Puls der Zeit zu sein ist für uns Ansporn und gelebte Realität gleichermaßen. Die Digitalisierung ist derzeit eines der großen Themen, da müssen wir weiterdenken und innovativ sein&#8221;, resümiert Geschäftsführer und Vertriebsleiter Rüdiger Klepsch.</p>
<p>Sie möchten Manfred Grandis kontaktieren? Sehr gerne! Rufen Sie ihn an unter Telefon 0202 27058 -95 oder schreiben Sie ihm eine E-Mail: <a href="mailto:manfred.grandis@imageaccess.de">manfred.grandis@imageaccess.de</a>.</p>
<p>Wir sagen „Herzlich Willkommen bei Image Access!&#8221;</p>

<p>Seit Anfang April verstärkt Manfred Grandis das Team von Image Access. Der in Grafenhausen bei Freiburg lebende Vater zweier Kinder ist für das Vertriebsgebiet Süd-West zuständig und ab Januar 2019 auch für die Schweiz. Damit baut Image Access den Direktvertrieb seiner Scanner weiter aus, der neben der Zusammenarbeit mit Vertriebspartnern [&hellip;]</p>
